13932 - 13948 - 3*u - 13929 + 41833. What is m(-1)?
27
Let l(x) be the third derivative of -2*x**2 - 28 - 5/6*x**3 - 1/12*x**4 + 0*x + 1/30*x**5. Calculate l(0).
-5
Let l be (2 - 7/(-49)) + (-1)/7. Let w(t) = -t - 3*t**2 + 4*t**l - 4 + 0*t. What is w(-4)?
16
Let v(q) = 20*q + 3 + 0 - 26*q + 11*q + q**2. Suppose 0 = 3*f + 2*r + 16, 4*r + 8 = 15*f - 17*f. Calculate v(f).
9
Let l = 24 + -35. Let o(u) = 4*u**3 + 7*u**2 + 4*u + 111. Let t(w) = w**3 + 2*w**2 + w + 28. Let r(v) = l*t(v) + 3*o(v). Give r(0).
25
Let w be ((-3105)/2070)/((-6)/(-2)*7/140). Let z(c) be the third derivative of c**4/24 + 11*c**3/6 - 2*c**2. Give z(w).
1
Let x(h) be the first derivative of 2*h**3/3 + h**2/2 + h - 3. Let k be x(-1). Let c(w) = -w**k - w - 7*w + 3*w + 8. Determine c(-6).
2
Let y(u) = u**3 + 1. Let z(f) = 6*f**3 - 2*f**2 - f + 2. Let h be ((-4)/16)/(4/(-16)). Let m(w) = h*z(w) - 5*y(w). Calculate m(3).
3
Let q(r) = 6*r + 13. Suppose 3*a + 47 = -5*c, 480*a - 476*a + 4*c = -52. Calculate q(a).
-41
Let a = -71 + 72. Let c(v) be the first derivative of -3*v**3 + v**2/2 - 179. Calculate c(a).
-8
Let b(i) = i + 17. Let l(r) = -4*r**2 + r - 1. Let y be l(2). Let s be b(y). Let k(w) = -8*w - w**2 + 20 - s - 9. Give k(-9).
0
Let m(v) = 14*v - 22. Suppose -73*o - 65*o + 226 = -25*o. Determine m(o).
6
Let k(a) be the second derivative of a**6/240 + 2*a**5/15 - 11*a**4/3 + 4*a + 23. Let c(s) be the third derivative of k(s). Determine c(-7).
-5
Let k(y) = y - 1. Let o be k(6). Let i = -6 + o. Let h(d) = -7290*d**2 - 5*d + 14585*d**2 - 1 + 4*d - 7311*d**2. What is h(i)?
-16
Let z be (2/(-4) + 1)/(5/80). Let h(f) = 2*f**3 - 5 + 4*f + 4*f + 32*f**2 - 3*f**3 + 10 - 25*f**2. Give h(z).
5
Suppose -5*l - 9*w + 149 = -7*w, -12 = 4*w. Suppose -2*r - 5*a - l = 0, -2*r + a = -1 + 2. Let i(o) = 2*o**3 + 2*o**2 + o - 2. Determine i(r).
-41
Let d(z) = z**2 - z - 4. Let c be d(3). Let y = 787 - 774. Let i(s) = -9*s**2 - 1 + y*s**c + 0*s**2 - s + 8*s**2. Give i(-1).
12
Let g(j) = -j**2 + 4*j - 5. Let t(l) = 4*l + 41. Suppose -d = 2*f + 2*f + 6, 0 = 2*f. Let r be t(d). Suppose r*v = 20 + 48. Determine g(v).
-5
Let h(n) = 6*n + 4*n - 3 - n**2 - 6. Suppose 5*p = 3*f + 3*p - 14, 3*f - 2 = -p. Suppose 0 = -5*c + 15, 11 = f*o + 3*c - 16. Give h(o).
0
Let t = 20008 + -20020. Let n(g) = g**2 + 2*g + 11. Determine n(t).
131
Let h(b) = 3*b**2 + 15*b + 1. Let n(r) = -7*r**2 - 32*r - 2. Let y(i) = 5*h(i) + 2*n(i). What is y(-10)?
-9
Suppose 7*j + 27*j + 34 - 102 = 0. Let l(w) = -10*w**3 - 3*w + 2. What is l(j)?
-84
Let t(f) = 13*f + 328. Let u be t(-25). Let a(n) = 11*n + u - 1 + n**2 - 7*n + n - 9*n. Calculate a(6).
14
Let c be (-112)/(-20) - 39/65. Let v(p) = 7*p**2 - 12*p + 2. Let d(z) = 12*z**2 - 22*z + 2. Let j(w) = c*v(w) - 3*d(w). Determine j(8).
-12
Suppose -4*k = -8 + 12. Let p be (2/4)/(k/(-54)). Suppose 0*h - 2*a + 3 = h, 4*h - 5*a + p = 0. Let t(i) = i**2 + i + 1. What is t(h)?
7
Let a(c) = -29*c + 12. Let g(b) = 7*b - 3. Suppose -8*w + 54 = -2*w. Let z(f) = w*g(f) + 2*a(f). Let m = 0 - -4. What is z(m)?
17
Let z(w) = 19*w - 2. Let n(q) = 12*q - 1. Let x be (132/10)/1*(-20)/6. Let u be x/(-12) + -3 - 26/(-6). Let i(p) = u*z(p) - 8*n(p). What is i(-4)?
2
Let k be 0 + (-7 - (-6 + 3)). Let i be -2 - k - (2 + -3). Let y(r) = -7*r**3 + 25*r**3 - 2*r - 9*r**3 + 4*r**2 - 10*r**3 + 1. What is y(i)?
4
Let j(d) = d**2 - 1. Suppose 7*y + 10 = 3. Let n(v) = v + 2. Let g be n(y). Determine j(g).
0
Let l(o) = 36*o**3 - o**2 - 3*o + 15. Let q(g) = -252*g**3 + 8*g**2 + 23*g - 112. Let f(v) = 15*l(v) + 2*q(v). What is f(-1)?
-35
Let j(c) = -2*c**2 + 29*c - 20. Let m(d) = -3*d**2 + 44*d - 32. Let f = 547 + -555. Let u(h) = f*j(h) + 5*m(h). What is u(14)?
28
Let b(c) be the first derivative of -4*c**2 - 282*c + 1373. Calculate b(-36).
6
Let w(x) = 7*x + 42. Let i be w(-6). Let z(q) = -9 + i*q**2 + q**2 - 6 + 17 - 6*q. Determine z(6).
2
Let v(n) be the third derivative of n**6/120 + n**5/15 - n**4/8 - 2*n**3/3 + 3*n**2 - 2. Suppose -6 = t + 9*f - 11*f, 3*f + 13 = -4*t. Determine v(t).
8
Let v(n) = 343*n - 677. Let s be v(2). Let r(z) be the second derivative of -z**5/20 + 3*z**4/4 - z**3/6 + 5*z**2/2 - 5*z. What is r(s)?
-4
Let a = -277139/12 - -23095. Let u(i) be the third derivative of 8*i**2 + 0*i + 0 + 1/6*i**3 - 1/10*i**5 + a*i**4. Calculate u(-1).
-7
Let a(d) = -d**2 + 11*d - 11. Let p be a(8). Let c = 18 - p. Let b(j) = -9*j + 4. Let l(h) = -5*h + 3. Let s(z) = 3*b(z) - 5*l(z). Give s(c).
-13
Let h(b) = -2*b - 57. Suppose 3*c = 223*k - 228*k - 34, 5*c - 5*k = -110. Calculate h(c).
-21
Suppose 3*i - 6*i - 24 = 5*v, -2*v + 4*i = -32. Let f(c) = 2*c**2 - 2*c - 12. Give f(v).
-12
Let h = 48 - 118. Let y be (20/(-14))/(20/h). Let z(k) = -k - 1. Let v(x) = 2*x + 1. Let s(q) = 3*v(q) + 5*z(q). What is s(y)?
3
Let q be 0/(-4)*10/(-20). Let c(i) = 2*i - i + 1 + q*i + 17. What is c(-12)?
6
Let d(v) = -v**2 + 8*v - 7. Let c be d(6). Suppose -19*a + 14*a + 3*j + 11 = 0, -5*j = -4*a + 14. Let p(i) = 253*i + a + 2 - 255*i. Determine p(c).
-7
Let s(j) = -2*j**2 + 5*j - 7. Let c be (192/18 - 13)*6/(-7). Determine s(c).
-5
Suppose 6*y + a = 4*y - 32, 0 = 3*y - 3*a + 30. Let n(p) = -p**3 - 12*p**2 + 31*p + 34. Calculate n(y).
-8
Let c(l) = l**3 + 13*l**2 + l + 4. Suppose -228*u + 235*u = 2093. Suppose 11*f + 12*f = -u. Give c(f).
-9
Let u(s) = -79 + s**2 - 77 + 230 - 5*s - 79. What is u(6)?
1
Let w(f) = 106971765 - 19*f**2 + 0*f**3 - f + f**3 - 106971803. What is w(19)?
-57
Let b(m) = 3*m**2 + 44*m - 9. Suppose 9 = -q - 2*l, 5*l = 4*q - 0*q + 62. Calculate b(q).
-74
Let o = 2 + -1. Suppose -3 = 4*d + o. Let j(p) = 35*p + 1. Let b(q) = 49*q + 2. Let h(v) = -2*b(v) + 3*j(v). Calculate h(d).
-8
Suppose -5*y = 3*o - 9, 13 = 4*o + 2*y + 1. Let b(g) be the first derivative of -g**2/2 + 7*g + 8278. Give b(o).
4
Let b(a) = -a**2 - 5*a + 9. Let p be (-10)/55 + (-68)/(-11). Let d be (-1)/3*16*p/4. Determine b(d).
-15
Let l = 55 - 52. Suppose 8 = -4*x, 2*r + 0*x = -l*x - 150. Let o = -76 - r. Let v(f) = -f**3 - 5*f**2 - 3*f + 5. Give v(o).
1
Let l be ((13/9)/(-1))/(792/(-7128)). Let h(a) = -a + 13. Calculate h(l).
0
Let t(z) = z**3 + 2*z**2 + 2*z + 1. Let b(l) = 18*l**3 + 10*l**2 + 9*l + 5. Let q(v) = b(v) - 5*t(v). Calculate q(1).
12
Suppose 15*w = -5 + 5. Suppose -7*p - 5*p + 3*p = w. Suppose -3*k + h - 14 = -p*k, 5*k - 4*h = -21. Let b(v) = v**2 + 6*v + 2. What is b(k)?
-3
Let t = 46 + -45. Let i be t + (-7)/(28/(-24)). Let o(q) = -2*q + 4. Calculate o(i).
-10
Let a = 276 + -241. Let b = a + -42. Let g(t) = 2*t + 9. What is g(b)?
-5
Suppose 15*y - 521 - 136 = -58*y. Let z(b) = -b**3 + 9*b**2 - 3*b + 3. Give z(y).
-24
Let i(r) = -r**2 - r - 2. Suppose q - 5*q - 12 = 0, 3*g = 5*q + 18. Let p(m) = 4*m**2 + 10*m + 15. Let j(u) = g*p(u) + 3*i(u). Calculate j(-5).
-1
Let o(g) = g**3 + 13*g**2 - 3. Let z = 256 + -256. Suppose z = 90*b - 87*b + 39. Determine o(b).
-3
Let w(i) be the first derivative of i**5/120 - 3*i**4/8 + i**3/3 - 2*i + 96. Let l(c) be the third derivative of w(c). Give l(4).
-5
Let o(k) = 541*k**2 - 30*k - 859. Let x(i) = -309*i**2 + 16*i + 429. Let f(j) = -4*o(j) - 7*x(j). Give f(25).
8
Let b(s) = s**2 - 8*s. Let g be 52/39*(-7)/(112/(-516)). Suppose 4*o = -g*n + 45*n - 32, 3*n - 20 = -o. Give b(n).
0
Let z(n) = -n**2 - 2*n + 14. Let a = 1904 - 1909. What is z(a)?
-1
Let n = 20616 + -20609. Let y(j) = -17*j + 134. Give y(n).
15
Let g(o) be the third derivative of 4*o**4/3 + 103*o**3/2 - 861*o**2 - 6. Calculate g(-10).
-11
Let q be 4 + 15/5 + -7. Suppose q = -51*c + 69*c. Let j(n) = n**3 + n**2 - 10. What is j(c)?
-10
Let o(c) be the first derivative of c**4/2 - 10*c**3 - 16*c**2 - c - 1949. Give o(16).
-1
Let l(k) be the third derivative of -k**4/6 - 31*k**3/3 - 1135*k**2. What is l(-12)?
-14
Let x(t) be the second derivative of 0 + 1/20*t**5 + 5/12*t**4 - 3/2*t**2 - 2/3*t**3 + t. Let v(a) = a - 13. Let i be v(7). What is x(i)?
-15
Let r(y) be the third derivative of y**9/2240 - 31*y**5/60 + y**4/12 - 2*y**2 + 74*y. Let h(o) be the third derivative of r(o). What is h(-1)?
-27
Suppose -6 = -3*n + 5*i + 12, 2*i - 24 = -4*n. Let h(z) = 6*z - 16*z + n*z. Suppose 0 = -190*r + 211*r + 21. Give h(r).
4
Let h(d) be the first derivative of -d**4/4 + 2*d**3/3 - d**2 + 6*d - 1046. What is h(3)?
-9
Let b(t) = -t**3 - 11*t